0.
2160
What is the greatest common divisor of 4661992 and 26752?
152
What is the highest common factor of 608 and 22297222?
38
Calculate the highest common factor of 2183775 and 2805.
165
What is the greatest common factor of 3976713 and 246?
123
What is the greatest common divisor of 14008 and 8786858?
34
Calculate the greatest common divisor of 5358120 and 5064.
24
Calculate the greatest common divisor of 927 and 1431494.
103
Calculate the highest common divisor of 9345387 and 146.
73
What is the highest common factor of 445470 and 26532768?
2874
Calculate the greatest common factor of 51 and 5021817.
51
What is the greatest common factor of 147 and 144640993?
49
Calculate the highest common divisor of 1081308 and 1046844.
4308
What is the highest common divisor of 7330212 and 81?
9
Calculate the greatest common factor of 21780 and 100080.
180
What is the greatest common factor of 22 and 8921737?
11
What is the highest common divisor of 169289 and 18245?
41
Calculate the greatest common divisor of 96 and 65760368.
16
Calculate the highest common divisor of 63364 and 8456056.
868
What is the highest common divisor of 90 and 130561570?
10
Calculate the highest common divisor of 16683993 and 2714.
23
What is the greatest common divisor of 550 and 636903025?
275
What is the highest common factor of 509 and 579866543?
509
Calculate the greatest common factor of 15065 and 2678695.
115
What is the greatest common divisor of 74895623 and 44?
11
What is the greatest common divisor of 32595470 and 110?
10
What is the greatest common divisor of 56524486 and 526?
526
Calculate the greatest common divisor of 1920 and 1732960.
160
What is the highest common divisor of 3427 and 6613067?
149
Calculate the greatest common divisor of 15 and 1311861.
3
Calculate the greatest common divisor of 51313918 and 2978.
2978
Calculate the greatest common factor of 120 and 74436630.
30
What is the greatest common divisor of 44 and 184872886?
22
Calculate the highest common factor of 614700 and 1170.
90
Calculate the highest common factor of 141730 and 20.
10
Calculate the greatest common divisor of 1152786 and 592194.
1374
What is the greatest common factor of 36 and 258008688?
36
Calculate the highest common factor of 58912 and 64304289.
1841
What is the greatest common factor of 180 and 17267904?
36
What is the greatest common divisor of 5343303 and 1176?
147
Calculate the greatest common divisor of 111184973 and 211.
211
What is the greatest common factor of 15027 and 195105559?
5009
What is the greatest common divisor of 7828520 and 14308?
2044
Calculate the highest common factor of 11514375 and 50.
25
What is the greatest common factor of 4739436 and 4394?
338
What is the greatest common divisor of 2717422 and 590?
118
Calculate the greatest common factor of 6377 and 6335.
7
Calculate the greatest common factor of 226703822 and 2846.
2846
What is the highest common divisor of 10245 and 110537403?
2049
What is the highest common divisor of 736 and 4490428?
92
Calculate the highest common factor of 3748430 and 9520.
70
Calculate the greatest common factor of 10916737 and 14664.
611
What is the greatest common factor of 60250 and 1858250?
250
What is the highest common factor of 20185 and 121330?
55
Calculate the highest common factor of 74256 and 333710.
442
Calculate the highest common factor of 40936272 and 204.
204
What is the greatest common divisor of 21 and 1403591?
7
Calculate the highest common factor of 772506 and 342.
18
What is the highest common divisor of 21463808 and 512?
256
Calculate the greatest common divisor of 17 and 19669187.
17
Calculate the greatest common divisor of 5084 and 2280021480.
5084
Calculate the highest common factor of 239289912 and 25770.
5154
Calculate the highest common factor of 6736486 and 25.
1
What is the greatest common factor of 1674114 and 72771?
381
What is the greatest common divisor of 46 and 4057913?
23
Calculate the highest common divisor of 27063 and 154566.
279
What is the highest common factor of 14080 and 3591170?
110
Calculate the highest common factor of 2200150 and 1449650.
3950
Calculate the greatest common factor of 10649248 and 12864.
2144
Calculate the greatest common factor of 40 and 122667808.
8
What is the greatest common factor of 78957895 and 1579?
1579
Calculate the highest common divisor of 14250 and 511875.
375
What is the highest common divisor of 182 and 237440?
14
Calculate the highest common divisor of 836922597 and 32844.
8211
Calculate the highest common divisor of 4770 and 7960176.
954
Calculate the greatest common divisor of 30 and 11789380.
10
What is the highest common factor of 1540320 and 80?
80
What is the greatest common factor of 180 and 66623895?
45
What is the greatest common divisor of 1399137 and 66531?
993
Calculate the highest common divisor of 460 and 204073664.
92
What is the highest common divisor of 1603980 and 57750?
210
What is the highest common divisor of 3313308 and 12876?
348
What is the highest common factor of 33 and 22109043?
33
What is the greatest common factor of 14 and 55877878?
14
What is the highest common divisor of 19751472 and 72540?
468
What is the highest common factor of 200883904 and 13?
13
Calculate the highest common factor of 90628 and 103505.
163
Calculate the highest common divisor of 34767684 and 189.
189
What is the highest common divisor of 2959270 and 207860?
5470
Calculate the greatest common divisor of 1810 and 31685860.
1810
Calculate the greatest common factor of 104770 and 108310.
10
What is the highest common divisor of 51064 and 6487?
13
What is the highest common factor of 108 and 50426523?
27
Calculate the greatest common divisor of 114732336 and 384.
48
Calculate the greatest common divisor of 6953205 and 405.
15
What is the highest common divisor of 235278 and 13986?
54
Calculate the highest common factor of 1734 and 51635919.
867
What is the highest common divisor of 480739 and 138033?
49
What is the highest common divisor of 3901 and 5332667?
3901
Calculate the greatest common factor of 4079424 and 1392.
48
What is the greatest common factor of 4444400 and 2110?
10
What is the greatest common factor of 7035680 and 100?
20
Calculate the greatest common factor of 2421690 and 2579508.
5442
Calculate the highest common divisor of 1033058 and 91.
13
What is the greatest common divisor of 144 and 331520816?
16
Calculate the highest common divisor of 1851816 and 13640.
248
What is the highest common factor of 259 and 37048914?
259
Calculate the highest common factor of 29674402 and 2.
2
What is the greatest common divisor of 2878 and 37439902?
2878
What is the greatest common divisor of 2 and 1224551?
1
What is the greatest common factor of 38020 and 5220?
20
Calculate the highest common divisor of 2204 and 33075979.
551
Calculate the greatest common divisor of 4074 and 691276902.
582
Calculate the greatest common factor of 21977982 and 208.
26
Calculate the highest common divisor of 105200 and 84800.
400
What is the highest common divisor of 16 and 2465017?
1
Calculate the highest common factor of 355918 and 1334818.
502
What is the highest common factor of 170631603 and 18?
9
Calculate the greatest common divisor of 44044 and 31252.
52
Calculate the greatest common factor of 8514 and 409919301.
4257
Calculate the highest common divisor of 74340 and 226940.
140
What is the highest common divisor of 784 and 18001277?
49
Calculate the greatest common factor of 8288 and 7338506.
518
Calculate the highest common divisor of 368 and 5792573.
23
Calculate the greatest common divisor of 147 and 19672737.
21
What is the greatest common factor of 1766116 and 45100?
1804
What is the greatest common factor of 417938 and 871049?
2069
What is the greatest common factor of 23976 and 2758128?
888
Calculate the greatest common divisor of 612350 and 1970.
10
What is the highest common divisor of 7292 and 85941689?
1823
Calculate the greatest common factor of 22748875 and 24130.
635
What is the greatest common divisor of 45400 and 60853025?
5675
Calculate the greatest common factor of 324 and 32477868.
108
What is the highest common divisor of 6 and 469785612?
6
What is the highest common factor of 1003262 and 87847?
821
Calculate the highest common 